{"id":943,"date":"2023-02-23T12:31:21","date_gmt":"2023-02-23T12:31:21","guid":{"rendered":"https:\/\/feuerwehr-mupperg.de\/?page_id=943"},"modified":"2023-04-08T13:53:15","modified_gmt":"2023-04-08T13:53:15","slug":"der-verein","status":"publish","type":"page","link":"https:\/\/feuerwehr-mupperg.de\/?page_id=943","title":{"rendered":"Der Verein"},"content":{"rendered":"\n<p><strong>Der Feuerwehrverein Mupperg, Zusammenhalt und Tradition.<\/strong><\/p>\n\n\n\n<p>Der Feuerwehrverein Mupperg e.V. wurde im Jahr 1991 gegr\u00fcndet.&nbsp;Der Hauptzweck des Vereins ist selbstverst\u00e4ndlich die Unterst\u00fctzung der Freiwilligen Feuerwehr Mupperg und der Jugendfeuerwehr Mupperg. Er besteht aus knapp 100 Mitgliedern und gliedert sich wie folgt auf: <\/p>\n\n\n\n<p>\u2022 Die Freiwillige Feuerwehr Mupperg<\/p>\n\n\n\n<p>\u2022 Die Jugendfeuerwehr Mupperg<\/p>\n\n\n\n<p>\u2022 Die Feuerwehrsport-Mannschaft (Team L\u00f6schangriff)<\/p>\n\n\n\n<p>\u2022 Die passiven Mitglieder<\/p>\n\n\n\n<p>Bei seinen Sitzungen und Feiern  ist der Verein im B\u00fcrgerhaus &#8220;Roter Ochse&#8221; im Mupperger Ortskern &#8220;zu Hause&#8221;. Die zentrale Anlaufstelle sowohl der &#8220;Aktiven&#8221; als auch der Jugendfeuerwehr ist seit 2019 das neu  errichtete Feuerwehrhaus in der Oerlsdorfer Stra\u00dfe, in direkter Nachbarschaft zur &#8220;Heilig Geist Kirche&#8221; und den ortsans\u00e4ssigen Kindergarten &#8220;Die kleinen Zwerge&#8221;. Die Feuerwehrsport-Manschaft hat ihren &#8220;St\u00fctzpunkt&#8221; im alten, 1961 erbauten Feuerwehrhaus, direkt neben dem &#8220;Roten Ochsen&#8221; in Richtung Park und der AWO Seniorenresidenz &#8220;Schloss Mupperg&#8221;.<\/p>\n\n\n\n<p>Seit langer Zeit  ist der Verein nicht nur der Unterst\u00fctzung der hiesigen Feuerwehr und deren Jugendabteilung zugewandt, sondern tr\u00e4gt auch als Initiator und Organisator diverser Veranstaltungen zur sozialen Teilhabe und F\u00f6rderung der Dorfgemeinschaft bei. Diese sind insbesondere:<\/p>\n\n\n\n<p>\u2022 Das Mupperger Dorffest im Juni<\/p>\n\n\n\n<p>\u2022 Die Mupperger Kerwa (im j\u00e4hrlichen Wechsel mit dem SV Mupperg 1920 e.V.)<\/p>\n\n\n\n<p>\u2022 Der Mupperger Dorfweihnacht am 1. Advent<\/p>\n\n\n\n<p>\u2022 Die gro\u00dfe Vereinsweihnachtsfeier Mitte Dezember f\u00fcr alle Mitglieder und deren Familien<\/p>\n\n\n\n<p class=\"has-white-color has-text-color\">.<\/p>\n\n\n\n<div class=\"wp-block-columns is-layout-flex wp-container-core-columns-layout-1 wp-block-columns-is-layout-flex\">\n<div class=\"wp-block-column is-layout-flow wp-block-column-is-layout-flow\">\n<figure class=\"wp-block-image size-large\"><a href=\"https:\/\/feuerwehr-mupperg.de\/wp-content\/uploads\/2023\/04\/verein_1.jpg\" target=\"_blank\" rel=\"noreferrer noopener\"><img fetchpriority=\"high\" decoding=\"async\" width=\"1024\" height=\"768\" src=\"http:\/\/feuerwehr-mupperg.de\/wp-content\/uploads\/2023\/04\/verein_1-1024x768.jpg\" alt=\"\" class=\"wp-image-1572\" srcset=\"https:\/\/feuerwehr-mupperg.de\/wp-content\/uploads\/2023\/04\/verein_1-1024x768.jpg 1024w, https:\/\/feuerwehr-mupperg.de\/wp-content\/uploads\/2023\/04\/verein_1-300x225.jpg 300w, https:\/\/feuerwehr-mupperg.de\/wp-content\/uploads\/2023\/04\/verein_1-768x576.jpg 768w, https:\/\/feuerwehr-mupperg.de\/wp-content\/uploads\/2023\/04\/verein_1.jpg 1300w\" sizes=\"(max-width: 1024px) 100vw, 1024px\" \/><\/a><figcaption class=\"wp-element-caption\">Gute Laune garantiert<\/figcaption><\/figure>\n<\/div>\n\n\n\n<div class=\"wp-block-column is-layout-flow wp-block-column-is-layout-flow\">\n<figure class=\"wp-block-image size-large\"><a href=\"https:\/\/feuerwehr-mupperg.de\/wp-content\/uploads\/2023\/04\/verein_5.jpeg\" target=\"_blank\" rel=\"noreferrer noopener\"><img decoding=\"async\" width=\"1024\" height=\"769\" src=\"http:\/\/feuerwehr-mupperg.de\/wp-content\/uploads\/2023\/04\/verein_5-1024x769.jpeg\" alt=\"\" class=\"wp-image-1576\" srcset=\"https:\/\/feuerwehr-mupperg.de\/wp-content\/uploads\/2023\/04\/verein_5-1024x769.jpeg 1024w, https:\/\/feuerwehr-mupperg.de\/wp-content\/uploads\/2023\/04\/verein_5-300x225.jpeg 300w, https:\/\/feuerwehr-mupperg.de\/wp-content\/uploads\/2023\/04\/verein_5-768x577.jpeg 768w, https:\/\/feuerwehr-mupperg.de\/wp-content\/uploads\/2023\/04\/verein_5.jpeg 1300w\" sizes=\"(max-width: 1024px) 100vw, 1024px\" \/><\/a><figcaption class=\"wp-element-caption\">Erst die Vorfreude&#8230;<\/figcaption><\/figure>\n<\/div>\n\n\n\n<div class=\"wp-block-column is-layout-flow wp-block-column-is-layout-flow\">\n<figure class=\"wp-block-image size-large\"><a href=\"https:\/\/feuerwehr-mupperg.de\/wp-content\/uploads\/2023\/04\/verein_2.jpg\" target=\"_blank\" rel=\"noreferrer noopener\"><img decoding=\"async\" width=\"1024\" height=\"769\" src=\"http:\/\/feuerwehr-mupperg.de\/wp-content\/uploads\/2023\/04\/verein_2-1024x769.jpg\" alt=\"\" class=\"wp-image-1573\" srcset=\"https:\/\/feuerwehr-mupperg.de\/wp-content\/uploads\/2023\/04\/verein_2-1024x769.jpg 1024w, https:\/\/feuerwehr-mupperg.de\/wp-content\/uploads\/2023\/04\/verein_2-300x225.jpg 300w, https:\/\/feuerwehr-mupperg.de\/wp-content\/uploads\/2023\/04\/verein_2-768x577.jpg 768w, https:\/\/feuerwehr-mupperg.de\/wp-content\/uploads\/2023\/04\/verein_2.jpg 1300w\" sizes=\"(max-width: 1024px) 100vw, 1024px\" \/><\/a><figcaption class=\"wp-element-caption\">&#8230;dann der Genuss<\/figcaption><\/figure>\n<\/div>\n<\/div>\n\n\n\n<p class=\"has-white-color has-text-color\"><\/p>\n\n\n\n<p><\/p>\n\n\n\n<p>In unregelm\u00e4\u00dfigen Abst\u00e4nden bot der Verein seinen Mitglieder, deren Familien und Freunden sowohl Tagesfahrten, als auch Wochenendausfl\u00fcge f\u00fcr einen fairen und bezahlbaren Preis an. Als Highlight hierf\u00fcr stehen nat\u00fcrlich die 3-Tage-Ausfl\u00fcge ins Hotel Wiesengrund in Bad Hindelang im sch\u00f6nen Allg\u00e4u f\u00fcr beispielhafte Vereinsarbeit und Kameradschaft.<\/p>\n\n\n\n<p>Aufgrund der Corona-Pandemie ab Fr\u00fchjahr 2020 mussten jedoch alle Vorhaben und Ideen f\u00fcr weiter Fahrten hinten angestellt werden. Bez\u00fcglich einer Wiederaufnahme unsere Vereinsausfl\u00fcge sollte k\u00fcnftig wieder intensiv und konstruktiv im Verein diskutiert werden. Wir hoffen nat\u00fcrlich in Zukunft unseren Mitglieder das eine oder andere ansprechende Angebot unterbreiten zu k\u00f6nnen.<\/p>\n\n\n\n<p class=\"has-white-color has-text-color\">.<\/p>\n\n\n\n<p class=\"has-white-color has-text-color\"><\/p>\n\n\n\n<div class=\"wp-block-columns is-layout-flex wp-container-core-columns-layout-2 wp-block-columns-is-layout-flex\">\n<div class=\"wp-block-column is-layout-flow wp-block-column-is-layout-flow\">\n<figure class=\"wp-block-image size-large\"><a href=\"https:\/\/feuerwehr-mupperg.de\/wp-content\/uploads\/2023\/04\/verein_3.jpg\" target=\"_blank\" rel=\"noreferrer noopener\"><img loading=\"lazy\" decoding=\"async\" width=\"1024\" height=\"769\" src=\"http:\/\/feuerwehr-mupperg.de\/wp-content\/uploads\/2023\/04\/verein_3-1024x769.jpg\" alt=\"\" class=\"wp-image-1574\" srcset=\"https:\/\/feuerwehr-mupperg.de\/wp-content\/uploads\/2023\/04\/verein_3-1024x769.jpg 1024w, https:\/\/feuerwehr-mupperg.de\/wp-content\/uploads\/2023\/04\/verein_3-300x225.jpg 300w, https:\/\/feuerwehr-mupperg.de\/wp-content\/uploads\/2023\/04\/verein_3-768x577.jpg 768w, https:\/\/feuerwehr-mupperg.de\/wp-content\/uploads\/2023\/04\/verein_3.jpg 1300w\" sizes=\"(max-width: 1024px) 100vw, 1024px\" \/><\/a><figcaption class=\"wp-element-caption\">Im Wiesengrund&#8230;<\/figcaption><\/figure>\n<\/div>\n\n\n\n<div class=\"wp-block-column is-layout-flow wp-block-column-is-layout-flow\">\n<figure class=\"wp-block-image size-large\"><a href=\"https:\/\/feuerwehr-mupperg.de\/wp-content\/uploads\/2023\/04\/verein_4.jpg\" target=\"_blank\" rel=\"noreferrer noopener\"><img loading=\"lazy\" decoding=\"async\" width=\"1024\" height=\"770\" src=\"http:\/\/feuerwehr-mupperg.de\/wp-content\/uploads\/2023\/04\/verein_4-1024x770.jpg\" alt=\"\" class=\"wp-image-1575\" srcset=\"https:\/\/feuerwehr-mupperg.de\/wp-content\/uploads\/2023\/04\/verein_4-1024x770.jpg 1024w, https:\/\/feuerwehr-mupperg.de\/wp-content\/uploads\/2023\/04\/verein_4-300x225.jpg 300w, https:\/\/feuerwehr-mupperg.de\/wp-content\/uploads\/2023\/04\/verein_4-768x577.jpg 768w, https:\/\/feuerwehr-mupperg.de\/wp-content\/uploads\/2023\/04\/verein_4.jpg 1300w\" sizes=\"(max-width: 1024px) 100vw, 1024px\" \/><\/a><figcaption class=\"wp-element-caption\">&#8230;in Bad Hindelang<\/figcaption><\/figure>\n<\/div>\n\n\n\n<div class=\"wp-block-column is-layout-flow wp-block-column-is-layout-flow\">\n<figure class=\"wp-block-image size-large\"><a href=\"https:\/\/feuerwehr-mupperg.de\/wp-content\/uploads\/2023\/04\/verein_6.jpg\" target=\"_blank\" rel=\"noreferrer noopener\"><img loading=\"lazy\" decoding=\"async\" width=\"1024\" height=\"769\" src=\"http:\/\/feuerwehr-mupperg.de\/wp-content\/uploads\/2023\/04\/verein_6-1024x769.jpg\" alt=\"\" class=\"wp-image-1577\" srcset=\"https:\/\/feuerwehr-mupperg.de\/wp-content\/uploads\/2023\/04\/verein_6-1024x769.jpg 1024w, https:\/\/feuerwehr-mupperg.de\/wp-content\/uploads\/2023\/04\/verein_6-300x225.jpg 300w, https:\/\/feuerwehr-mupperg.de\/wp-content\/uploads\/2023\/04\/verein_6-768x577.jpg 768w, https:\/\/feuerwehr-mupperg.de\/wp-content\/uploads\/2023\/04\/verein_6.jpg 1300w\" sizes=\"(max-width: 1024px) 100vw, 1024px\" \/><\/a><figcaption class=\"wp-element-caption\">Ein Gl\u00e4schen in Ehren&#8230;<\/figcaption><\/figure>\n<\/div>\n<\/div>\n\n\n\n<p class=\"has-white-color has-text-color\"><\/p>\n\n\n\n<p>Der Feuerwehrverein Mupperg e.V. steht allen Mitb\u00fcrgern, sowohl den hiesigen, als auch den neu hinzugezogenen, den Familien und den Einzelnen,  aufgeschlossen und mit Offenheit einer aktiven oder auch  passiven Mitgliedschaft gegen\u00fcber. Ein Verein mit B\u00fcrgern\u00e4he und  sozialen Engagement. Machen Sie mit und treten Sie unseren Verein bei.<\/p>\n\n\n\n<p class=\"has-white-color has-text-color\">.<\/p>\n\n\n\n<p>F\u00fcr Anfragen senden Sie uns einfach eine <a href=\"mailto:info@feuerwehr-mupperg.de\">E-Mail<\/a> , oder f\u00fcllen Sie das Formular auf der Kontaktseite aus.<\/p>\n\n\n\n<p class=\"has-white-color has-text-color\">.<\/p>\n\n\n\n<p><\/p>\n\n\n<div class=\"wp-block-image\">\n<figure class=\"aligncenter size-full is-resized\"><img loading=\"lazy\" decoding=\"async\" src=\"http:\/\/feuerwehr-mupperg.de\/wp-content\/uploads\/2023\/02\/logo_web_2b.jpg\" alt=\"\" class=\"wp-image-929\" width=\"179\" height=\"179\" srcset=\"https:\/\/feuerwehr-mupperg.de\/wp-content\/uploads\/2023\/02\/logo_web_2b.jpg 358w, https:\/\/feuerwehr-mupperg.de\/wp-content\/uploads\/2023\/02\/logo_web_2b-300x300.jpg 300w, https:\/\/feuerwehr-mupperg.de\/wp-content\/uploads\/2023\/02\/logo_web_2b-150x150.jpg 150w\" sizes=\"(max-width: 179px) 100vw, 179px\" \/><\/figure><\/div>\n\n\n<p class=\"has-text-align-center\">Feuerwehrverein Mupperg e.V.<\/p>\n","protected":false},"excerpt":{"rendered":"<p>Der Feuerwehrverein Mupperg, Zusammenhalt und Tradition. Der Feuerwehrverein Mupperg e.V. wurde im Jahr 1991 gegr\u00fcndet.&nbsp;Der Hauptzweck des Vereins ist selbstverst\u00e4ndlich die Unterst\u00fctzung der Freiwilligen Feuerwehr Mupperg und der Jugendfeuerwehr Mupperg. [&hellip;]<\/p>\n","protected":false},"author":1,"featured_media":0,"parent":0,"menu_order":0,"comment_status":"closed","ping_status":"closed","template":"","meta":{"footnotes":""},"yoast_head":"<!-- This site is optimized with the Yoast SEO plugin v23.5 - https:\/\/yoast.com\/wordpress\/plugins\/seo\/ -->\n<title>Der Verein -<\/title>\n<meta name=\"robots\" content=\"index, follow, max-snippet:-1, max-image-preview:large, max-video-preview:-1\" \/>\n<link rel=\"canonical\" href=\"https:\/\/feuerwehr-mupperg.de\/?page_id=943\" \/>\n<meta property=\"og:locale\" content=\"de_DE\" \/>\n<meta property=\"og:type\" content=\"article\" \/>\n<meta property=\"og:title\" content=\"Der Verein -\" \/>\n<meta property=\"og:description\" content=\"Der Feuerwehrverein Mupperg, Zusammenhalt und Tradition. Der Feuerwehrverein Mupperg e.V. wurde im Jahr 1991 gegr\u00fcndet.&nbsp;Der Hauptzweck des Vereins ist selbstverst\u00e4ndlich die Unterst\u00fctzung der Freiwilligen Feuerwehr Mupperg und der Jugendfeuerwehr Mupperg. [&hellip;]\" \/>\n<meta property=\"og:url\" content=\"https:\/\/feuerwehr-mupperg.de\/?page_id=943\" \/>\n<meta property=\"article:publisher\" content=\"https:\/\/www.facebook.com\/FFwMupperg\/?locale=de_DE\" \/>\n<meta property=\"article:modified_time\" content=\"2023-04-08T13:53:15+00:00\" \/>\n<meta property=\"og:image\" content=\"http:\/\/feuerwehr-mupperg.de\/wp-content\/uploads\/2023\/04\/verein_1-1024x768.jpg\" \/>\n<meta name=\"twitter:card\" content=\"summary_large_image\" \/>\n<meta name=\"twitter:label1\" content=\"Gesch\u00e4tzte Lesezeit\" \/>\n\t<meta name=\"twitter:data1\" content=\"4 Minuten\" \/>\n<script type=\"application\/ld+json\" class=\"yoast-schema-graph\">{\"@context\":\"https:\/\/schema.org\",\"@graph\":[{\"@type\":\"WebPage\",\"@id\":\"https:\/\/feuerwehr-mupperg.de\/?page_id=943\",\"url\":\"https:\/\/feuerwehr-mupperg.de\/?page_id=943\",\"name\":\"Der Verein -\",\"isPartOf\":{\"@id\":\"https:\/\/feuerwehr-mupperg.de\/#website\"},\"primaryImageOfPage\":{\"@id\":\"https:\/\/feuerwehr-mupperg.de\/?page_id=943#primaryimage\"},\"image\":{\"@id\":\"https:\/\/feuerwehr-mupperg.de\/?page_id=943#primaryimage\"},\"thumbnailUrl\":\"http:\/\/feuerwehr-mupperg.de\/wp-content\/uploads\/2023\/04\/verein_1-1024x768.jpg\",\"datePublished\":\"2023-02-23T12:31:21+00:00\",\"dateModified\":\"2023-04-08T13:53:15+00:00\",\"breadcrumb\":{\"@id\":\"https:\/\/feuerwehr-mupperg.de\/?page_id=943#breadcrumb\"},\"inLanguage\":\"de-DE\",\"potentialAction\":[{\"@type\":\"ReadAction\",\"target\":[\"https:\/\/feuerwehr-mupperg.de\/?page_id=943\"]}]},{\"@type\":\"ImageObject\",\"inLanguage\":\"de-DE\",\"@id\":\"https:\/\/feuerwehr-mupperg.de\/?page_id=943#primaryimage\",\"url\":\"http:\/\/feuerwehr-mupperg.de\/wp-content\/uploads\/2023\/04\/verein_1-1024x768.jpg\",\"contentUrl\":\"http:\/\/feuerwehr-mupperg.de\/wp-content\/uploads\/2023\/04\/verein_1-1024x768.jpg\"},{\"@type\":\"BreadcrumbList\",\"@id\":\"https:\/\/feuerwehr-mupperg.de\/?page_id=943#breadcrumb\",\"itemListElement\":[{\"@type\":\"ListItem\",\"position\":1,\"name\":\"Startseite\",\"item\":\"https:\/\/feuerwehr-mupperg.de\/\"},{\"@type\":\"ListItem\",\"position\":2,\"name\":\"Der Verein\"}]},{\"@type\":\"WebSite\",\"@id\":\"https:\/\/feuerwehr-mupperg.de\/#website\",\"url\":\"https:\/\/feuerwehr-mupperg.de\/\",\"name\":\"feuerwehr-mupperg.de\",\"description\":\"\",\"publisher\":{\"@id\":\"https:\/\/feuerwehr-mupperg.de\/#organization\"},\"potentialAction\":[{\"@type\":\"SearchAction\",\"target\":{\"@type\":\"EntryPoint\",\"urlTemplate\":\"https:\/\/feuerwehr-mupperg.de\/?s={search_term_string}\"},\"query-input\":{\"@type\":\"PropertyValueSpecification\",\"valueRequired\":true,\"valueName\":\"search_term_string\"}}],\"inLanguage\":\"de-DE\"},{\"@type\":\"Organization\",\"@id\":\"https:\/\/feuerwehr-mupperg.de\/#organization\",\"name\":\"Feuerwehrverein Mupperg e.V.\",\"url\":\"https:\/\/feuerwehr-mupperg.de\/\",\"logo\":{\"@type\":\"ImageObject\",\"inLanguage\":\"de-DE\",\"@id\":\"https:\/\/feuerwehr-mupperg.de\/#\/schema\/logo\/image\/\",\"url\":\"https:\/\/feuerwehr-mupperg.de\/wp-content\/uploads\/2023\/02\/cropped-cropped-logo_web_b-1.jpg\",\"contentUrl\":\"https:\/\/feuerwehr-mupperg.de\/wp-content\/uploads\/2023\/02\/cropped-cropped-logo_web_b-1.jpg\",\"width\":300,\"height\":421,\"caption\":\"Feuerwehrverein Mupperg e.V.\"},\"image\":{\"@id\":\"https:\/\/feuerwehr-mupperg.de\/#\/schema\/logo\/image\/\"},\"sameAs\":[\"https:\/\/www.facebook.com\/FFwMupperg\/?locale=de_DE\"]}]}<\/script>\n<!-- \/ Yoast SEO plugin. -->","yoast_head_json":{"title":"Der Verein -","robots":{"index":"index","follow":"follow","max-snippet":"max-snippet:-1","max-image-preview":"max-image-preview:large","max-video-preview":"max-video-preview:-1"},"canonical":"https:\/\/feuerwehr-mupperg.de\/?page_id=943","og_locale":"de_DE","og_type":"article","og_title":"Der Verein -","og_description":"Der Feuerwehrverein Mupperg, Zusammenhalt und Tradition. Der Feuerwehrverein Mupperg e.V. wurde im Jahr 1991 gegr\u00fcndet.&nbsp;Der Hauptzweck des Vereins ist selbstverst\u00e4ndlich die Unterst\u00fctzung der Freiwilligen Feuerwehr Mupperg und der Jugendfeuerwehr Mupperg. [&hellip;]","og_url":"https:\/\/feuerwehr-mupperg.de\/?page_id=943","article_publisher":"https:\/\/www.facebook.com\/FFwMupperg\/?locale=de_DE","article_modified_time":"2023-04-08T13:53:15+00:00","og_image":[{"url":"http:\/\/feuerwehr-mupperg.de\/wp-content\/uploads\/2023\/04\/verein_1-1024x768.jpg"}],"twitter_card":"summary_large_image","twitter_misc":{"Gesch\u00e4tzte Lesezeit":"4 Minuten"},"schema":{"@context":"https:\/\/schema.org","@graph":[{"@type":"WebPage","@id":"https:\/\/feuerwehr-mupperg.de\/?page_id=943","url":"https:\/\/feuerwehr-mupperg.de\/?page_id=943","name":"Der Verein -","isPartOf":{"@id":"https:\/\/feuerwehr-mupperg.de\/#website"},"primaryImageOfPage":{"@id":"https:\/\/feuerwehr-mupperg.de\/?page_id=943#primaryimage"},"image":{"@id":"https:\/\/feuerwehr-mupperg.de\/?page_id=943#primaryimage"},"thumbnailUrl":"http:\/\/feuerwehr-mupperg.de\/wp-content\/uploads\/2023\/04\/verein_1-1024x768.jpg","datePublished":"2023-02-23T12:31:21+00:00","dateModified":"2023-04-08T13:53:15+00:00","breadcrumb":{"@id":"https:\/\/feuerwehr-mupperg.de\/?page_id=943#breadcrumb"},"inLanguage":"de-DE","potentialAction":[{"@type":"ReadAction","target":["https:\/\/feuerwehr-mupperg.de\/?page_id=943"]}]},{"@type":"ImageObject","inLanguage":"de-DE","@id":"https:\/\/feuerwehr-mupperg.de\/?page_id=943#primaryimage","url":"http:\/\/feuerwehr-mupperg.de\/wp-content\/uploads\/2023\/04\/verein_1-1024x768.jpg","contentUrl":"http:\/\/feuerwehr-mupperg.de\/wp-content\/uploads\/2023\/04\/verein_1-1024x768.jpg"},{"@type":"BreadcrumbList","@id":"https:\/\/feuerwehr-mupperg.de\/?page_id=943#breadcrumb","itemListElement":[{"@type":"ListItem","position":1,"name":"Startseite","item":"https:\/\/feuerwehr-mupperg.de\/"},{"@type":"ListItem","position":2,"name":"Der Verein"}]},{"@type":"WebSite","@id":"https:\/\/feuerwehr-mupperg.de\/#website","url":"https:\/\/feuerwehr-mupperg.de\/","name":"feuerwehr-mupperg.de","description":"","publisher":{"@id":"https:\/\/feuerwehr-mupperg.de\/#organization"},"potentialAction":[{"@type":"SearchAction","target":{"@type":"EntryPoint","urlTemplate":"https:\/\/feuerwehr-mupperg.de\/?s={search_term_string}"},"query-input":{"@type":"PropertyValueSpecification","valueRequired":true,"valueName":"search_term_string"}}],"inLanguage":"de-DE"},{"@type":"Organization","@id":"https:\/\/feuerwehr-mupperg.de\/#organization","name":"Feuerwehrverein Mupperg e.V.","url":"https:\/\/feuerwehr-mupperg.de\/","logo":{"@type":"ImageObject","inLanguage":"de-DE","@id":"https:\/\/feuerwehr-mupperg.de\/#\/schema\/logo\/image\/","url":"https:\/\/feuerwehr-mupperg.de\/wp-content\/uploads\/2023\/02\/cropped-cropped-logo_web_b-1.jpg","contentUrl":"https:\/\/feuerwehr-mupperg.de\/wp-content\/uploads\/2023\/02\/cropped-cropped-logo_web_b-1.jpg","width":300,"height":421,"caption":"Feuerwehrverein Mupperg e.V."},"image":{"@id":"https:\/\/feuerwehr-mupperg.de\/#\/schema\/logo\/image\/"},"sameAs":["https:\/\/www.facebook.com\/FFwMupperg\/?locale=de_DE"]}]}},"_links":{"self":[{"href":"https:\/\/feuerwehr-mupperg.de\/index.php?rest_route=\/wp\/v2\/pages\/943"}],"collection":[{"href":"https:\/\/feuerwehr-mupperg.de\/index.php?rest_route=\/wp\/v2\/pages"}],"about":[{"href":"https:\/\/feuerwehr-mupperg.de\/index.php?rest_route=\/wp\/v2\/types\/page"}],"author":[{"embeddable":true,"href":"https:\/\/feuerwehr-mupperg.de\/index.php?rest_route=\/wp\/v2\/users\/1"}],"replies":[{"embeddable":true,"href":"https:\/\/feuerwehr-mupperg.de\/index.php?rest_route=%2Fwp%2Fv2%2Fcomments&post=943"}],"version-history":[{"count":49,"href":"https:\/\/feuerwehr-mupperg.de\/index.php?rest_route=\/wp\/v2\/pages\/943\/revisions"}],"predecessor-version":[{"id":1600,"href":"https:\/\/feuerwehr-mupperg.de\/index.php?rest_route=\/wp\/v2\/pages\/943\/revisions\/1600"}],"wp:attachment":[{"href":"https:\/\/feuerwehr-mupperg.de\/index.php?rest_route=%2Fwp%2Fv2%2Fmedia&parent=943"}],"curies":[{"name":"wp","href":"https:\/\/api.w.org\/{rel}","templated":true}]}}